s of 128607526.
2, 139, 263, 1759
List the prime factors of 279546619.
11, 25413329
List the prime factors of 3123532574.
2, 1561766287
List the prime factors of 55087811.
2383, 23117
What are the prime factors of 44660133?
3, 7, 236297
List the prime factors of 235695869.
235695869
List the prime factors of 7161551.
211, 33941
List the prime factors of 5541623559.
3, 137, 1498141
What are the prime factors of 468908210?
2, 5, 67, 699863
List the prime factors of 1804688235.
3, 5, 7, 103, 18541
List the prime factors of 104479739.
7, 13, 17, 67537
What are the prime factors of 169880109?
3, 7, 211, 5477
List the prime factors of 150030507.
3, 11, 421, 10799
List the prime factors of 486453452.
2, 121613363
What are the prime factors of 122008633?
19, 6421507
What are the prime factors of 92647530?
2, 3, 5, 31, 11069
List the prime factors of 479043080.
2, 5, 23, 520699
List the prime factors of 311492072.
2, 38936509
What are the prime factors of 2868657976?
2, 358582247
List the prime factors of 35123614.
2, 17561807
List the prime factors of 1242257426.
2, 621128713
List the prime factors of 375818389.
53, 2239, 3167
List the prime factors of 42852108.
2, 3, 13, 274693
What are the prime factors of 213065230?
2, 5, 7, 434827
What are the prime factors of 90918312?
2, 3, 17, 222839
What are the prime factors of 116538282?
2, 3, 7, 924907
What are the prime factors of 1956636114?
2, 3, 17, 31, 149, 4153
List the prime factors of 303758883.
3, 179, 62851
List the prime factors of 315017698.
2, 157508849
What are the prime factors of 3693115187?
73, 50590619
What are the prime factors of 173981416?
2, 7, 571, 5441
List the prime factors of 772337872.
2, 48271117
List the prime factors of 49931534.
2, 24965767
List the prime factors of 27568923.
3, 227, 40483
What are the prime factors of 169184864?
2, 211, 25057
List the prime factors of 436997758.
2, 19, 71, 161971
List the prime factors of 1462063922.
2, 11, 991, 67061
List the prime factors of 75058234.
2, 37529117
What are the prime factors of 38064333?
3, 23, 79, 6983
List the prime factors of 452633533.
11, 3740773
List the prime factors of 1256407227.
3, 46533601
What are the prime factors of 443697729?
3, 6337, 23339
What are the prime factors of 822782348?
2, 205695587
List the prime factors of 338158615.
5, 89, 811, 937
List the prime factors of 1369216605.
3, 5, 91281107
What are the prime factors of 1497631726?
2, 748815863
List the prime factors of 19355483.
7, 61, 45329
List the prime factors of 262191537.
3, 1613, 18061
List the prime factors of 280739405.
5, 59, 951659
What are the prime factors of 103007546?
2, 51503773
What are the prime factors of 521771348?
2, 7, 18634691
What are the prime factors of 395412508?
2, 107, 923861
List the prime factors of 1820271776.
2, 59, 829, 1163
List the prime factors of 60425098.
2, 1973, 15313
What are the prime factors of 105463304?
2, 13182913
What are the prime factors of 90754161?
3, 821, 36847
What are the prime factors of 6211714143?
3, 41, 757, 66713
List the prime factors of 67489629.
3, 1787, 12589
List the prime factors of 112829930.
2, 5, 281, 40153
List the prime factors of 4024500608.
2, 31441411
List the prime factors of 140729887.
140729887
List the prime factors of 789663848.
2, 98707981
List the prime factors of 254643388.
2, 5351, 11897
List the prime factors of 100592160.
2, 3, 5, 209567
What are the prime factors of 1971892025?
5, 78875681
List the prime factors of 5107640296.
2, 11, 101, 574667
What are the prime factors of 24173508?
2, 3, 2014459
List the prime factors of 143826409.
17, 19, 445283
What are the prime factors of 893142805?
5, 178628561
List the prime factors of 4262987576.
2, 1609, 331183
What are the prime factors of 42148474?
2, 17, 1239661
What are the prime factors of 79969050?
2, 3, 5, 7, 53, 479
What are the prime factors of 1168963509?
3, 7, 55664929
List the prime factors of 3655697148.
2, 3, 67, 193, 7853
What are the prime factors of 628125082?
2, 13, 24158657
List the prime factors of 763870422.
2, 3, 7, 2719, 6689
What are the prime factors of 818061031?
83, 1223, 8059
What are the prime factors of 23947882?
2, 7, 127, 13469
What are the prime factors of 859860060?
2, 3, 5, 23, 433, 1439
What are the prime factors of 174659350?
2, 5, 773, 4519
What are the prime factors of 98133494?
2, 113, 181, 2399
What are the prime factors of 37090395?
3, 5, 824231
List the prime factors of 2083894919.
193, 10797383
What are the prime factors of 1577595537?
3, 7, 4621, 5419
What are the prime factors of 824743486?
2, 7, 109, 540461
What are the prime factors of 557628375?
3, 5, 1487009
List the prime factors of 2454298259.
7, 379, 925103
What are the prime factors of 4770996?
2, 3, 151, 2633
List the prime factors of 1054696430.
2, 5, 105469643
List the prime factors of 187735290.
2, 3, 5, 389, 16087
What are the prime factors of 6024431?
7, 29, 59, 503
List the prime factors of 3012939087.
3, 17, 109, 541993
List the prime factors of 85048098.
2, 3, 47, 191, 1579
What are the prime factors of 377747661?
3, 317, 397211
What are the prime factors of 257203897?
17, 293, 51637
What are the prime factors of 973628890?
2, 5, 13, 29, 101, 2557
What are the prime factors of 5366096226?
2, 3, 298116457
List the prime factors of 4596587448.
2, 3, 3797, 50441
What are the prime factors of 3611640269?
439, 8226971
List the prime factors of 99210829.
173, 573473
List the prime factors of 6464493.
3, 7, 102611
List the prime factors of 59710134.
2, 3, 11, 311, 2909
What are the prime factors of 2005742209?
23, 87206183
List the prime factors of 85696744.
2, 7, 73, 20963
List the prime factors of 7548069675.
3, 5, 19, 5296891
List the prime factors of 20658451.
11, 17, 83
List the prime factors of 2403517582.
2, 241, 4986551
List the prime factors of 9774775.
5, 390991
List the prime factors of 189789964.
2, 7, 13, 521401
List the prime factors of 2852635701.
3, 139, 271, 25243
List the prime factors of 367012367.
733, 500699
List the prime factors of 95264423.
19, 5013917
What are the prime factors of 734757483?
3, 73, 3355057
What are the prime factors of 754295918?
2, 377147959
What are the prime factors of 188122652?
2, 29, 37, 53, 827
What are the prime factors of 69460672?
2, 1021, 1063
What are the prime factors of 323756728?
2, 193, 209687
List the prime factors of 193616655.
3, 5, 17, 263, 2887
What are the prime factors of 2429787691?
2429787691
List the prime factors of 1342984778.
2, 263, 2553203
What are the prime factors of 217718064?
2, 3, 37, 53, 257
What are the prime factors of 780517462?
2, 11351, 34381
What are the prime factors of 265682779?
157, 1692247
What are the prime factors of 5512360?
2, 5, 7, 19687
List the prime factors of 554098970.
2, 5, 563, 98419
What are the prime factors of 252043853?
17, 14826109
What are the prime factors of 173403918?
2, 3, 19, 507029
List the prime factors of 981459707.
981459707
List the prime factors of 2791840105.
5, 73, 7648877
What are the prime factors of 862980778?
2, 11, 1013, 38723
What are the prime factors of 846756925?
5, 7, 4838611
What are the prime factors of 63584719?
11, 23, 251323
List the prime factors of 1190949427.
41, 131, 221737
List the prime factors of 361844706.
2, 3, 223, 270437
What are the prime factors of 182317069?
11, 79, 209801
What are the prime factors of 86543065?
5, 7, 353237
What are the prime factors of 166689964?
2, 7, 17, 19, 2633
What are the prime factors of 92930312?
2, 31, 374719
List the prime factors of 4149485.
5, 739, 1123
List the prime factors of 2424103505.
5, 19, 25516879
What are the prime factors of 1057975544?
2, 71, 1862633
List the prime factors of 3702988804.
2, 79, 107, 109517
What are the prime factors of 376548549?
3, 13, 43, 151, 1487
What are the prime factors of 16369616?
2, 1023101
List the prime factors of 10577701.
151, 70051
List the prime factors of 13133201.
29, 452869
List the prime factors of 9108855.
3, 5, 7, 17
List the prime factors of 411645975.
3, 5, 13, 47, 691
List the prime factors of 432617049.
3, 48068561
What are the prime factors of 1990924506?
2, 3, 3079, 35923
What are the prime factors of 1455490?
2, 5, 145549
What are the prime factors of 448590436?
2, 7, 23, 696569
W